u) = u**3 - 10*u**2 - 790*u + 10 + 28*u**2 + 0*u**2 + 799*u - 11*u**2. What is n(-4)?
22
Let p(b) = b**2 - 3*b - 5. Let r = 23 + -9. Suppose r*y - 12*y + 48 = 0. Let n = 29 + y. Give p(n).
5
Let i(m) be the second derivative of -m**4/12 + 5*m**3/3 - 6*m**2 - 15683*m. Suppose 4*y = 20 + 20. Calculate i(y).
-12
Let y(l) = 9*l + 30 - 8*l + 14*l - 31 + 59. Determine y(-4).
-2
Let n(a) = a**3 + 3*a**2 - 20*a - 18. Let l(v) = 2*v**3 - 6*v**2 + 8*v - 30. Let h be l(3). What is n(h)?
-6
Let d(j) = -10*j**3 + 11*j**2 - 2*j - 14. Let y(s) = 24*s**3 - 24*s**2 + 3*s + 28. Let t(z) = -7*d(z) - 3*y(z). What is t(-4)?
42
Let v(n) = n**3 + 15*n**2 - 17*n - 26. Let f be (-896)/(-1344) - (-100)/(-6). Determine v(f).
-10
Let z(o) be the second derivative of -o**4/12 - 2*o**3 - 31*o**2/2 - 3717*o. What is z(-8)?
1
Let h(g) = 4*g**3 + g**2 + g. Let i(b) = b**3 + 4*b**2 + 4*b + 2. Let t(j) = 2*j**3 + 3*j**2 + 4*j + 2. Let f(v) = -4*i(v) + 3*t(v). Let l be f(4). Give h(l).
-30
Let z(y) = -y**2 - 18*y - 33. Let x be z(-18). Let o = x + 56. Suppose -3*i - 28 = -5*f, 8*f - 3*f = -2*i + o. Let w(a) = -8*a**2 + a + 1. What is w(i)?
-8
Let f(s) = -18*s**3 - 12*s**2 + 32*s - 37. Let a(o) = 13*o**3 + 8*o**2 - 22*o + 25. Let v(q) = 7*a(q) + 5*f(q). Give v(4).
14
Let u = -12 - -16. Suppose 4*t = -4*c + u, -31*c + 36*c = -10. Let q(l) be the second derivative of -l**3/3 + 3*l**2/2 + l. Calculate q(t).
-3
Let u be 80*(-3)/(-10)*(-52)/(-39). Let m = u + -30. Let i(l) = l**3 - 2*l**2 + 2. Calculate i(m).
2
Suppose w + 2*w - 24 = 0. Let j(i) = 6*i - 13. Let y(d) = -2*d + 6. Let o(z) = -j(z) - 4*y(z). Calculate o(w).
5
Suppose 3*t - 3*x - 12 = 0, -t - t + x + 13 = 0. Let n(a) = 2*a**2 - 17*a + 8. Let i(y) = y**2 - 9*y + 2. Let c(j) = -7*i(j) + 3*n(j). Determine c(t).
37
Let b(i) = i**2 + 4. Let l be 118/14 - 52/(-91). Suppose a + l = 12. Determine b(a).
13
Suppose -3*t - 2*q + 14 = 0, 2*t = q + 3*q + 20. Let r be t/(-10) - (-208)/80. Let c(g) = 2*g**2 + 4*g - 4. What is c(r)?
12
Let s(t) = -9*t - 2. Let f(m) = 10*m - 34*m - 34 + 22*m. Let q be f(-16). What is s(q)?
16
Let g(t) = -9*t**2 + 2*t + 54. Suppose 15*d - 27 + 117 = 0. Let w(l) = -5*l**2 + l + 28. Let y(b) = d*g(b) + 11*w(b). Let i be (0/3 + 0)/1. Give y(i).
-16
Let i(k) be the second derivative of -k**4/12 + 5*k**3/6 - 3*k**2 - 36*k - 71. Give i(6).
-12
Let r be ((-52)/91)/(4/(-14)). Let w(i) = 60*i - 30*i + i**3 + 2 - 7*i**r - 28*i. Calculate w(3).
-28
Let z be (-20)/(-16)*(5/35 - (-36)/140). Let v(o) be the second derivative of 0 - 1/20*o**5 - 2*o**2 + o + z*o**3 - 1/6*o**4. Give v(-3).
-4
Let x(p) be the third derivative of -1/60*p**5 + 0 + 1/3*p**3 + 0*p + 23*p**2 - 1/12*p**4. Give x(2).
-6
Let c(h) = h**3 + 14*h**2 - 15*h + 12. Let x(r) = -r**3 - 7*r**2 - 20*r - 73. Let z be x(-6). Suppose -174 = z*o - 9. Calculate c(o).
12
Let w(t) = t**3 - t**2 - t - 1. Let g be w(-1). Let f(k) = 3*k**3 - 4*k**2 - 1. Let h(b) = 16*b**3 - 15*b**2 + 3*b - 4. Let l(p) = -5*f(p) + h(p). Give l(g).
7
Let f be (-4)/14 - 46/(-14). Suppose 42*k + 36 = 51*k. Let m(o) = -6*o - 3 + 5*o + 3*o**3 + 5*o**2 - k*o**3 - o. Determine m(f).
9
Suppose 53 = 2*i + 5*o, 0 = -5*i + 3*o - 51 + 168. Let b(c) = -i + 8*c + c**2 - 5 + 6 + 7. What is b(-11)?
17
Let g = -94 - -127. Suppose -29*a = -g*a + 20. Let m(c) = -2*c + 12. Let s(b) = b - 1. Let u(o) = m(o) + s(o). Determine u(a).
6
Let x(t) = 6*t**2 - 459*t - 697. Let z be x(78). Let s(j) = j**3 - 9*j**2 + 7*j - 21. Give s(z).
-86
Suppose 0 = -3*k - 3*g + 33, -6 = 4*k - 2*k - 5*g. Let f(y) = y + 15*y**2 - 10 - 11*y**2 - 2*y**2 - 15*y. Let w be f(k). Let l(i) = i + 17. Determine l(w).
7
Let j(m) = -m + 1. Suppose -2*y + 6*k = 5*k - 6, 4*k + 12 = 2*y. Let d be 1/(-2) + 19/y. Determine j(d).
-8
Let f(x) be the second derivative of -x**6/360 + x**5/40 + 7*x**4/24 - 35*x**3/6 - x**2 - 31*x + 3. Let r(p) be the second derivative of f(p). Calculate r(6).
-11
Let n(c) = c**3 - c**2 + 2*c. Let u be n(2). Let b(t) be the first derivative of t**4/4 - 3*t**3 + 4*t**2 - 10*t - 4591. What is b(u)?
-10
Suppose 10*a = 5*a + 30. Suppose -p + a + 0 = 0. Let h(r) = 3 + 2*r - 7*r**2 + 6*r**3 + 5*r - 5*r**3 - 5. Calculate h(p).
4
Let y(k) = 48 + 25 - 273*k - 19 + 133*k + 144*k. Calculate y(-13).
2
Let l = 17911 + -17908. Let a(f) = -26*f + 9. What is a(l)?
-69
Suppose -66*o + 648 = 10*o - 4*o. Let u(z) = 2*z**2 - 17*z - 12. Give u(o).
-3
Let u(y) = -1 - 4*y + 0 + 3*y + 5*y. Let w(h) = -6*h**2 - 158*h + 107. Let x be w(-27). Calculate u(x).
-5
Suppose 0 = 22*v - t + 181, 18*v - t + 13 = 17*v. Let x(y) = -2*y + 15. Let k(g) = 3*g - 29. Let h(o) = 4*k(o) + 7*x(o). What is h(v)?
5
Suppose -280 = -5*w - 5*p, -5*w - 2*p = -74 - 200. Suppose -11*o = -2*o - w. Let h(r) = -r**3 + 5*r**2 + 8*r + 3. What is h(o)?
15
Suppose -588 = -4*w - 4*g, -4*w - g + 491 + 91 = 0. Let m(y) = 282*y**2 + 1 - 143*y**2 - w*y**2. Give m(1).
-5
Let i(l) = -l**2 - 12*l - 8. Let t be i(-11). Let c(f) = -10*f**2 - 6*f**t - 12*f**2 + 20*f**2 + 1 + 3*f**3. What is c(-1)?
2
Let b(x) = 11*x + 28. Let c(r) = 9*r + 27. Let s be (4/14)/(34/714). Let z(v) = s*c(v) - 5*b(v). Give z(9).
13
Let o(n) = -n**2 + 4*n - 3. Suppose -s - 20 = 2*l, 5*l - 63*s = -62*s - 64. Let r be -7 + (l/(-3) - -7). What is o(r)?
-3
Let c(b) = -2*b - 31. Let v(s) = -s - 16. Let d(k) = 4*c(k) - 7*v(k). Let q be (-1 - -2)*(-9 + -1 - -11). Let l be (q - 16)*(-6)/(-10). Give d(l).
-3
Let m(f) be the first derivative of 2*f**3/3 + 7*f**2/2 - 17*f - 8136. What is m(3)?
22
Let i(p) = -7*p**2 + p**3 + 7*p**3 - 4*p - 7 - 6*p**3 - 3*p**3 + 9. Determine i(-6).
-10
Let h(z) be the second derivative of -z**3/3 + 31*z**2/2 - 12*z. Let c be h(11). Suppose 3 = -c*r + 3. Let n(i) = i - 2. What is n(r)?
-2
Let b = -1048 + 1053. Suppose -b*p + 5 = 0, p + 5 = 12*i - 14*i. Let v(n) be the first derivative of n**2/2 - 4*n - 1. Give v(i).
-7
Let l(s) = -10*s**2 + s + 12. Let n be l(-5). Let i = n + 247. Let w(o) = 3*o**2 - 4*o - 2. Give w(i).
30
Let p(b) = -b**2 - 5*b + 12. Suppose 4*w + 2*n - 1596 + 1614 = 0, 4*n = -5*w - 15. Determine p(w).
-2
Let l(z) = -22*z - 24*z - 12*z + 77*z - 17*z. Suppose 5*n + 7 = 3*d, 0 = n + 5*d - 4*d + 3. Let j = 0 - n. Calculate l(j).
4
Let i(z) be the second derivative of -z**4/12 - z**3 + 46*z**2 - 1630*z. What is i(-13)?
1
Let u(i) = 46*i. Let c(z) = -9*z. Let j(w) = -11*c(w) - 2*u(w). Suppose 0 = 3*y - 5*x + 14 - 6, 0 = 5*y + 3*x + 2. Calculate j(y).
-7
Let q(f) be the third derivative of f**6/120 - 3*f**5/10 + 19*f**4/24 + 4*f**3 + 2775*f**2. What is q(17)?
58
Let f(n) be the first derivative of -5*n**4/4 + n**3/3 - n**2/2 - n - 612. Let i(v) = -v**2 + 3*v + 3. Let a be i(4). What is f(a)?
6
Let o be (58/(-116))/((-4)/(-14))*4/(-14). Let h(j) be the third derivative of 3*j**2 - 1/8*j**4 + 0*j - 1/60*j**5 - o*j**3 + 0. Calculate h(-4).
-7
Let s(c) = -3*c - 70. Let t(r) = 6*r**2 - 115*r + 210. Let l be t(17). Give s(l).
-37
Let p(y) = y**2 - 2*y + 1. Let t = -13 + 13. Let g be (6 + -7)/(-1 - t). What is p(g)?
0
Let w(g) = -14*g**2 + 134*g - 384. Let h(l) = 5*l**2 - 45*l + 131. Let q(j) = 17*h(j) + 6*w(j). Calculate q(2).
5
Let n(h) = 2*h**3 - 7*h**2 - 4*h + 4. Let f be n(4). Suppose -4*l = f*i - 4, i - l = -i - 4. Let o(a) be the first derivative of -17*a**2/2 - a - 6. Give o(i).
16
Let o(x) = 5*x + 39. Let r = 3672 - 3680. Calculate o(r).
-1
Let m be -1*6 + (3 - -5). Let v(a) = 0*a**3 - 19 - 3*a + m*a**2 + 23 + a**3. Determine v(-3).
4
Let g = 42661 + -42654. Let h(m) = m**3 - 2 + 2*m**3 - 3*m - 7 - 6*m**2 - 2*m**3. Give h(g).
19
Let r(j) be the third derivative of j**5/30 - 9*j**4/8 + j**2 + 445*j. What is r(13)?
-13
Suppose -12 = -3*p, p = -3*t - 2*p + 69. Let q(s) = s**2 - 30*s + 185. Calculate q(t).
-24
Let h(r) = -36 - 36 + 162 - 47 + 17*r - 36. Determine h(-2).
-27
Let o = 1748 + -1750. Let f(t) = -9*t**2 + t + 6. Determine f(o).
-32
Let c be (12*22/(-220))/(3/(-5)) + -5. Let n(z) = 3*z**3 - z**2 + 2*z - 1. Let x(i) = -8*i**3 + 4*i**2 - 5*i + 3. Let o(p) = 11*n(p) + 4*x(p). What is o(c)?
13
Let h = 31 + -25. Let c be 15*h*(-5)/(-45). Suppose 0 = 3*p + c*p - 104. Let q(b) = -b - 2. Give q(p).
-10
Let h(f) = 2*f**2 - 12*f - 3. Let c(z) = z - 65. Let k be c(55). Let g(n) = n**2 - 6*n - 2. Let m(s) = k*g(s) + 4*h(s). What is m(6)?
8
Let o(j) = -j - 12. Let l = 120 - 115. Su